{"id":194,"date":"2011-11-07T22:57:00","date_gmt":"2011-11-07T21:57:00","guid":{"rendered":"http:\/\/wp-test.geldrop-burkinafaso.nl\/wp-test\/index.php\/zes-latrines-voor-school-dapelgobouloumtenga\/"},"modified":"2011-11-07T22:57:00","modified_gmt":"2011-11-07T21:57:00","slug":"zes-latrines-voor-school-dapelgobouloumtenga","status":"publish","type":"page","link":"https:\/\/geldrop-burkinafaso.nl\/index.php\/zes-latrines-voor-school-dapelgobouloumtenga\/","title":{"rendered":"Zes latrines voor school Dapelgo\/Bouloumtenga"},"content":{"rendered":"<h4>Zes latrines voor school Dapelgo\/Bouloumtenga<\/h4>\n<p>Niet alleen de onderwijzers van de school in Dapelgo\/Bouloumtenga willen toiletten, maar ook de leerlingen van de school. De overheid schrijft voor dat er per lokaal 2 toiletten moeten zijn, \u00e9\u00e9n voor de meisjes en \u00e9\u00e9n voor de jongens. Hygi\u00ebne is erg belangrijk op school. Wat ze daar leren brengen ze ook mee naar huis. Het benodigde bedrag is inmiddels overgemaakt naar FBS. Tijdens ons bezoek in januari 2011 hebben we gezien dat de 2 toiletgebouwtjes net klaar waren. Er is een gebouwtje met 3 wc voor de jongens en hetzelfde voor de meisjes. Ze zagen er netjes en degelijk uit. Men vertelde dat een lokale aannemer met hulp van de ouders de latrines gebouwd heeft. Zie foto. Omdat de ouders meegewerkt hebben heeft men geld overgehouden en dat willen ze gaan besteden aan een keuken om de maaltijden voor de kinderen klaar te maken.<\/p>\n<div id=\"attachment_193\" style=\"width: 410px\" class=\"wp-caption alignnone\"><img loading=\"lazy\" decoding=\"async\" aria-describedby=\"caption-attachment-193\" class=\" size-full wp-image-193\" src=\"http:\/\/www.geldrop-burkinafaso.nl\/wp-content\/uploads\/2011\/11\/BF2011-605.jpg\" alt=\"Latrines\" title=\"Latrines\" class=\"caption\" width=\"400\" height=\"300\" \/><p id=\"caption-attachment-193\" class=\"wp-caption-text\">Latrines<\/p><\/div>\n","protected":false},"excerpt":{"rendered":"<p>Zes latrines voor school Dapelgo\/Bouloumtenga Niet alleen de onderwijzers van de school in Dapelgo\/Bouloumtenga willen toiletten, maar ook de leerlingen van de school. De overheid schrijft voor dat er per lokaal 2 toiletten moeten zijn, \u00e9\u00e9n voor de meisjes en \u00e9\u00e9n voor de jongens. Hygi\u00ebne is erg belangrijk op school. Wat ze daar leren brengen [&hellip;]<\/p>\n","protected":false},"author":5,"featured_media":0,"parent":0,"menu_order":4,"comment_status":"closed","ping_status":"closed","template":"","meta":{"footnotes":""},"class_list":["post-194","page","type-page","status-publish","hentry"],"_links":{"self":[{"href":"https:\/\/geldrop-burkinafaso.nl\/index.php\/wp-json\/wp\/v2\/pages\/194","targetHints":{"allow":["GET"]}}],"collection":[{"href":"https:\/\/geldrop-burkinafaso.nl\/index.php\/wp-json\/wp\/v2\/pages"}],"about":[{"href":"https:\/\/geldrop-burkinafaso.nl\/index.php\/wp-json\/wp\/v2\/types\/page"}],"author":[{"embeddable":true,"href":"https:\/\/geldrop-burkinafaso.nl\/index.php\/wp-json\/wp\/v2\/users\/5"}],"replies":[{"embeddable":true,"href":"https:\/\/geldrop-burkinafaso.nl\/index.php\/wp-json\/wp\/v2\/comments?post=194"}],"version-history":[{"count":0,"href":"https:\/\/geldrop-burkinafaso.nl\/index.php\/wp-json\/wp\/v2\/pages\/194\/revisions"}],"wp:attachment":[{"href":"https:\/\/geldrop-burkinafaso.nl\/index.php\/wp-json\/wp\/v2\/media?parent=194"}],"curies":[{"name":"wp","href":"https:\/\/api.w.org\/{rel}","templated":true}]}}